{"id":8206,"date":"2024-01-24T08:14:56","date_gmt":"2024-01-24T07:14:56","guid":{"rendered":"https:\/\/www.elke-groeger.de\/selbstfuehrung\/?page_id=8206"},"modified":"2025-08-09T14:44:24","modified_gmt":"2025-08-09T12:44:24","slug":"formate","status":"publish","type":"page","link":"https:\/\/www.elke-groeger.de\/selbstfuehrung\/formate\/","title":{"rendered":"Formate zur Kompetenz-Steigerung"},"content":{"rendered":"<div class=\"wpb-content-wrapper\">[vc_row css_animation=\u201d\u201d row_type=\u201crow\u201d use_row_as_full_screen_section=\u201cno\u201d type=\u201cfull_width\u201d angled_section=\u201cno\u201d text_align=\u201cleft\u201d background_image_as_pattern=\u201cwithout_pattern\u201d][vc_column][vc_empty_space][\/vc_column][\/vc_row][vc_row css_animation=\u201d\u201d row_type=\u201crow\u201d use_row_as_full_screen_section=\u201cno\u201d type=\u201cfull_width\u201d angled_section=\u201cno\u201d text_align=\u201cleft\u201d background_image_as_pattern=\u201cwithout_pattern\u201d][vc_column width=\u201c1\/2\u201d][vc_single_image image=\u201c8372\u201d img_size=\u201cfull\u201d onclick=\u201cimg_link_large\u201d qode_css_animation=\u201c\u201d][\/vc_column][vc_column width=\u201c1\/2\u201d][vc_column_text]\n<p style=\"text-align: justify;\"><span style=\"font-size: 14pt;\">Unse\u00adre Lebens- und Arbeits\u00adwel\u00adten ver\u00ad\u00e4n\u00addern sich rasant \u2013 Wis\u00adsens\u00adver\u00admitt\u00adlung und Ler\u00adnen m\u00fcs\u00adsen sich die\u00adsen neu\u00aden Ent\u00adwick\u00adlun\u00adgen anpas\u00adsen. Nur so ist Effi\u00adzi\u00adenz und Nach\u00adhal\u00adtig\u00adkeit in der betrieb\u00adli\u00adchen Wei\u00adter\u00adbil\u00addung zu errei\u00adchen. Zudem ist es in die\u00adsem Umfeld von ent\u00adschei\u00adden\u00adder Bedeu\u00adtung, bei allen Mit\u00adar\u00adbei\u00adten\u00adden Ver\u00ad\u00e4n\u00adde\u00adrungs\u00adkom\u00adpe\u00adtenz aufzubauen.<\/span><\/p>\n<p>&nbsp;<\/p>\n<p style=\"text-align: justify;\"><span style=\"font-size: 14pt;\">F\u00fcr die The\u00admen\u00adbe\u00adrei\u00adche Selbst\u00adf\u00fch\u00adrung, Gesun\u00adde und wert\u00adsch\u00e4t\u00adzen\u00adde F\u00fch\u00adrung, Resi\u00adli\u00adenz, Ver\u00ad\u00e4n\u00adde\u00adrungs\u00adkom\u00adpe\u00adtenz, Kom\u00admu\u00adni\u00adka\u00adti\u00adon und Acht\u00adsam\u00adkeit bie\u00adte ich Ihnen ein brei\u00adtes Spek\u00adtrum an For\u00adma\u00adten an, um bei allen Mit\u00adar\u00adbei\u00adten\u00adden in Ihrem Unter\u00adneh\u00admen Wis\u00adsens\u00adver\u00admitt\u00adlung und Kom\u00adpe\u00adtenz\u00adstei\u00adge\u00adrung best\u00adm\u00f6g\u00adlich zu erzielen.<\/span><\/p>\n<p>&nbsp;<\/p>\n<p style=\"text-align: justify;\"><span style=\"font-size: 14pt;\">Mei\u00adne Wis\u00adsens\u00adver\u00admitt\u00adlungs- und Kom\u00adpe\u00adtenz\u00adstei\u00adge\u00adrungs\u00adfor\u00adma\u00adte bie\u00adte ich Ihnen wahl\u00adwei\u00adse als Pr\u00e4\u00adsenz- oder Onlin\u00adever\u00adan\u00adstal\u00adtun\u00adgen&nbsp;an.<\/span><\/p>\n[\/vc_column_text][vc_empty_space height=\u201c18px\u201d]<a itemprop=\"url\" href=\"https:\/\/www.elke-groeger.de\/selbstfuehrung\/seminare-workshops\/\" target=\"_self\" class=\"qbutton  medium default\" style>Zu den The\u00admen\u00adbe\u00adrei\u00adchen<\/a>[\/vc_column][\/vc_row][vc_row css_animation=\u201d\u201d row_type=\u201crow\u201d use_row_as_full_screen_section=\u201cno\u201d type=\u201cfull_width\u201d angled_section=\u201cno\u201d text_align=\u201cleft\u201d background_image_as_pattern=\u201cwithout_pattern\u201d css=\u201d.vc_custom_1703006589111{padding-top: 50px !important;}\u201d z_index=\u201c\u201d][vc_column][vc_empty_space height=\u201c50px\u201d][\/vc_column][\/vc_row]\n<\/div>","protected":false},"excerpt":{"rendered":"<p>[vc_row css_animation=\u201d\u201d row_type=\u201crow\u201d use_row_as_full_screen_section=\u201cno\u201d type=\u201cfull_width\u201d angled_section=\u201cno\u201d text_align=\u201cleft\u201d background_image_as_pattern=\u201cwithout_pattern\u201d][vc_column][vc_empty_space][\/vc_column][\/vc_row][vc_row css_animation=\u201d\u201d row_type=\u201crow\u201d use_row_as_full_screen_section=\u201cno\u201d type=\u201cfull_width\u201d angled_section=\u201cno\u201d text_align=\u201cleft\u201d background_image_as_pattern=\u201cwithout_pattern\u201d][vc_column width=\u201c1\/2\u201d][vc_single_image image=\u201c8372\u201d img_size=\u201cfull\u201d onclick=\u201cimg_link_large\u201d qode_css_animation=\u201c\u201d][\/vc_column][vc_column\u2026<\/p>\n","protected":false},"author":7,"featured_media":0,"parent":0,"menu_order":0,"comment_status":"closed","ping_status":"closed","template":"","meta":{"wp_typography_post_enhancements_disabled":false,"footnotes":""},"class_list":["post-8206","page","type-page","status-publish","hentry"],"yoast_head":"<!-- This site is optimized with the Yoast SEO plugin v27.6 - https:\/\/yoast.com\/product\/yoast-seo-wordpress\/ -->\n<title>Formate zur Kompetenz-Steigerung - Die Expertin f\u00fcr Selbstf\u00fchrung<\/title>\n<meta name=\"robots\" content=\"index, follow, max-snippet:-1, max-image-preview:large, max-video-preview:-1\" \/>\n<link rel=\"canonical\" href=\"https:\/\/www.elke-groeger.de\/selbstfuehrung\/formate\/\" \/>\n<meta property=\"og:locale\" content=\"de_DE\" \/>\n<meta property=\"og:type\" content=\"article\" \/>\n<meta property=\"og:title\" content=\"Formate zur Kompetenz-Steigerung - Die Expertin f\u00fcr Selbstf\u00fchrung\" \/>\n<meta property=\"og:description\" content=\"[vc_row css_animation=\u201d\u201d row_type=\u201crow\u201d use_row_as_full_screen_section=\u201cno\u201d type=\u201cfull_width\u201d angled_section=\u201cno\u201d text_align=\u201cleft\u201d background_image_as_pattern=\u201cwithout_pattern\u201d][vc_column][vc_empty_space][\/vc_column][\/vc_row][vc_row css_animation=\u201d\u201d row_type=\u201crow\u201d use_row_as_full_screen_section=\u201cno\u201d type=\u201cfull_width\u201d angled_section=\u201cno\u201d text_align=\u201cleft\u201d background_image_as_pattern=\u201cwithout_pattern\u201d][vc_column width=\u201c1\/2\u201d][vc_single_image image=\u201c8372\u201d img_size=\u201cfull\u201d onclick=\u201cimg_link_large\u201d qode_css_animation=\u201c\u201d][\/vc_column][vc_column...\" \/>\n<meta property=\"og:url\" content=\"https:\/\/www.elke-groeger.de\/selbstfuehrung\/formate\/\" \/>\n<meta property=\"og:site_name\" content=\"Die Expertin f\u00fcr Selbstf\u00fchrung\" \/>\n<meta property=\"article:modified_time\" content=\"2025-08-09T12:44:24+00:00\" \/>\n<meta name=\"twitter:card\" content=\"summary_large_image\" \/>\n<meta name=\"twitter:label1\" content=\"Gesch\u00e4tzte Lesezeit\" \/>\n\t<meta name=\"twitter:data1\" content=\"1\u00a0Minute\" \/>\n<script type=\"application\/ld+json\" class=\"yoast-schema-graph\">{\"@context\":\"https:\\\/\\\/schema.org\",\"@graph\":[{\"@type\":\"WebPage\",\"@id\":\"https:\\\/\\\/www.elke-groeger.de\\\/selbstfuehrung\\\/formate\\\/\",\"url\":\"https:\\\/\\\/www.elke-groeger.de\\\/selbstfuehrung\\\/formate\\\/\",\"name\":\"Formate zur Kompetenz-Steigerung - Die Expertin f\u00fcr Selbstf\u00fchrung\",\"isPartOf\":{\"@id\":\"https:\\\/\\\/www.elke-groeger.de\\\/selbstfuehrung\\\/#website\"},\"datePublished\":\"2024-01-24T07:14:56+00:00\",\"dateModified\":\"2025-08-09T12:44:24+00:00\",\"breadcrumb\":{\"@id\":\"https:\\\/\\\/www.elke-groeger.de\\\/selbstfuehrung\\\/formate\\\/#breadcrumb\"},\"inLanguage\":\"de\",\"potentialAction\":[{\"@type\":\"ReadAction\",\"target\":[\"https:\\\/\\\/www.elke-groeger.de\\\/selbstfuehrung\\\/formate\\\/\"]}]},{\"@type\":\"BreadcrumbList\",\"@id\":\"https:\\\/\\\/www.elke-groeger.de\\\/selbstfuehrung\\\/formate\\\/#breadcrumb\",\"itemListElement\":[{\"@type\":\"ListItem\",\"position\":1,\"name\":\"Home\",\"item\":\"https:\\\/\\\/www.elke-groeger.de\\\/selbstfuehrung\\\/\"},{\"@type\":\"ListItem\",\"position\":2,\"name\":\"Formate zur Kompetenz-Steigerung\"}]},{\"@type\":\"WebSite\",\"@id\":\"https:\\\/\\\/www.elke-groeger.de\\\/selbstfuehrung\\\/#website\",\"url\":\"https:\\\/\\\/www.elke-groeger.de\\\/selbstfuehrung\\\/\",\"name\":\"Die Expertin f\u00fcr Selbstf\u00fchrung\",\"description\":\"\",\"potentialAction\":[{\"@type\":\"SearchAction\",\"target\":{\"@type\":\"EntryPoint\",\"urlTemplate\":\"https:\\\/\\\/www.elke-groeger.de\\\/selbstfuehrung\\\/?s={search_term_string}\"},\"query-input\":{\"@type\":\"PropertyValueSpecification\",\"valueRequired\":true,\"valueName\":\"search_term_string\"}}],\"inLanguage\":\"de\"}]}<\/script>\n<!-- \/ Yoast SEO plugin. -->","yoast_head_json":{"title":"Formate zur Kompetenz-Steigerung - Die Expertin f\u00fcr Selbstf\u00fchrung","robots":{"index":"index","follow":"follow","max-snippet":"max-snippet:-1","max-image-preview":"max-image-preview:large","max-video-preview":"max-video-preview:-1"},"canonical":"https:\/\/www.elke-groeger.de\/selbstfuehrung\/formate\/","og_locale":"de_DE","og_type":"article","og_title":"Formate zur Kompetenz-Steigerung - Die Expertin f\u00fcr Selbstf\u00fchrung","og_description":"[vc_row css_animation=\u201d\u201d row_type=\u201crow\u201d use_row_as_full_screen_section=\u201cno\u201d type=\u201cfull_width\u201d angled_section=\u201cno\u201d text_align=\u201cleft\u201d background_image_as_pattern=\u201cwithout_pattern\u201d][vc_column][vc_empty_space][\/vc_column][\/vc_row][vc_row css_animation=\u201d\u201d row_type=\u201crow\u201d use_row_as_full_screen_section=\u201cno\u201d type=\u201cfull_width\u201d angled_section=\u201cno\u201d text_align=\u201cleft\u201d background_image_as_pattern=\u201cwithout_pattern\u201d][vc_column width=\u201c1\/2\u201d][vc_single_image image=\u201c8372\u201d img_size=\u201cfull\u201d onclick=\u201cimg_link_large\u201d qode_css_animation=\u201c\u201d][\/vc_column][vc_column...","og_url":"https:\/\/www.elke-groeger.de\/selbstfuehrung\/formate\/","og_site_name":"Die Expertin f\u00fcr Selbstf\u00fchrung","article_modified_time":"2025-08-09T12:44:24+00:00","twitter_card":"summary_large_image","twitter_misc":{"Gesch\u00e4tzte Lesezeit":"1\u00a0Minute"},"schema":{"@context":"https:\/\/schema.org","@graph":[{"@type":"WebPage","@id":"https:\/\/www.elke-groeger.de\/selbstfuehrung\/formate\/","url":"https:\/\/www.elke-groeger.de\/selbstfuehrung\/formate\/","name":"Formate zur Kompetenz-Steigerung - Die Expertin f\u00fcr Selbstf\u00fchrung","isPartOf":{"@id":"https:\/\/www.elke-groeger.de\/selbstfuehrung\/#website"},"datePublished":"2024-01-24T07:14:56+00:00","dateModified":"2025-08-09T12:44:24+00:00","breadcrumb":{"@id":"https:\/\/www.elke-groeger.de\/selbstfuehrung\/formate\/#breadcrumb"},"inLanguage":"de","potentialAction":[{"@type":"ReadAction","target":["https:\/\/www.elke-groeger.de\/selbstfuehrung\/formate\/"]}]},{"@type":"BreadcrumbList","@id":"https:\/\/www.elke-groeger.de\/selbstfuehrung\/formate\/#breadcrumb","itemListElement":[{"@type":"ListItem","position":1,"name":"Home","item":"https:\/\/www.elke-groeger.de\/selbstfuehrung\/"},{"@type":"ListItem","position":2,"name":"Formate zur Kompetenz-Steigerung"}]},{"@type":"WebSite","@id":"https:\/\/www.elke-groeger.de\/selbstfuehrung\/#website","url":"https:\/\/www.elke-groeger.de\/selbstfuehrung\/","name":"Die Expertin f\u00fcr Selbstf\u00fchrung","description":"","potentialAction":[{"@type":"SearchAction","target":{"@type":"EntryPoint","urlTemplate":"https:\/\/www.elke-groeger.de\/selbstfuehrung\/?s={search_term_string}"},"query-input":{"@type":"PropertyValueSpecification","valueRequired":true,"valueName":"search_term_string"}}],"inLanguage":"de"}]}},"_links":{"self":[{"href":"https:\/\/www.elke-groeger.de\/selbstfuehrung\/wp-json\/wp\/v2\/pages\/8206","targetHints":{"allow":["GET"]}}],"collection":[{"href":"https:\/\/www.elke-groeger.de\/selbstfuehrung\/wp-json\/wp\/v2\/pages"}],"about":[{"href":"https:\/\/www.elke-groeger.de\/selbstfuehrung\/wp-json\/wp\/v2\/types\/page"}],"author":[{"embeddable":true,"href":"https:\/\/www.elke-groeger.de\/selbstfuehrung\/wp-json\/wp\/v2\/users\/7"}],"replies":[{"embeddable":true,"href":"https:\/\/www.elke-groeger.de\/selbstfuehrung\/wp-json\/wp\/v2\/comments?post=8206"}],"version-history":[{"count":27,"href":"https:\/\/www.elke-groeger.de\/selbstfuehrung\/wp-json\/wp\/v2\/pages\/8206\/revisions"}],"predecessor-version":[{"id":8549,"href":"https:\/\/www.elke-groeger.de\/selbstfuehrung\/wp-json\/wp\/v2\/pages\/8206\/revisions\/8549"}],"wp:attachment":[{"href":"https:\/\/www.elke-groeger.de\/selbstfuehrung\/wp-json\/wp\/v2\/media?parent=8206"}],"curies":[{"name":"wp","href":"https:\/\/api.w.org\/{rel}","templated":true}]}}